{"id":919,"date":"2026-03-28T08:10:21","date_gmt":"2026-03-28T11:10:21","guid":{"rendered":"https:\/\/marsangomateriais.com.br\/index.php\/produto\/conjunto-de-jantar-cha-donna-folk-com-20-pecas-oxford\/"},"modified":"2026-04-10T10:28:45","modified_gmt":"2026-04-10T13:28:45","slug":"conjunto-de-jantar-cha-donna-folk-com-20-pecas-oxford","status":"publish","type":"product","link":"https:\/\/marsangomateriais.com.br\/index.php\/produto\/conjunto-de-jantar-cha-donna-folk-com-20-pecas-oxford\/","title":{"rendered":"Conjunto de Jantar\/Ch\u00e1 Donna Folk com 20 Pe\u00e7as &#8211; OXFORD"},"content":{"rendered":"<p>ESPECIFICA\u00c7\u00d5ES DO PRODUTO<\/p>\n<p>A cor preta \u00e9 b\u00e1sica e neutra, um verdadeiro curinga na hora de montar a mesa. Nessa lou\u00e7a, colocamos a cor preta numa estampa mais alegre e jovial, perfeita para quem prefere um formato de pratos tradicional com uma decora\u00e7\u00e3o mais alegre. A x\u00edcara preta, sem decora\u00e7\u00e3o, cria uma linda composi\u00e7\u00e3o com as demais pe\u00e7as.<br \/>\nRefer\u00eancia: 33566<\/p>\n","protected":false},"excerpt":{"rendered":"<p>ESPECIFICA\u00c7\u00d5ES DO PRODUTO A cor preta \u00e9 b\u00e1sica e neutra, um verdadeiro curinga na hora de montar a mesa. Nessa lou\u00e7a, colocamos a cor preta numa estampa mais alegre e jovial, perfeita para quem prefere um formato de pratos tradicional com uma decora\u00e7\u00e3o mais alegre. A x\u00edcara preta, sem decora\u00e7\u00e3o, cria uma linda composi\u00e7\u00e3o com [&hellip;]<\/p>\n","protected":false},"featured_media":1247,"comment_status":"open","ping_status":"closed","template":"","meta":[],"product_brand":[],"product_cat":[30],"product_tag":[],"class_list":{"0":"post-919","1":"product","2":"type-product","3":"status-publish","4":"has-post-thumbnail","6":"product_cat-utilidades-domesticas","8":"first","9":"instock","10":"sale","11":"shipping-taxable","12":"purchasable","13":"product-type-simple"},"_links":{"self":[{"href":"https:\/\/marsangomateriais.com.br\/index.php\/wp-json\/wp\/v2\/product\/919","targetHints":{"allow":["GET"]}}],"collection":[{"href":"https:\/\/marsangomateriais.com.br\/index.php\/wp-json\/wp\/v2\/product"}],"about":[{"href":"https:\/\/marsangomateriais.com.br\/index.php\/wp-json\/wp\/v2\/types\/product"}],"replies":[{"embeddable":true,"href":"https:\/\/marsangomateriais.com.br\/index.php\/wp-json\/wp\/v2\/comments?post=919"}],"wp:featuredmedia":[{"embeddable":true,"href":"https:\/\/marsangomateriais.com.br\/index.php\/wp-json\/wp\/v2\/media\/1247"}],"wp:attachment":[{"href":"https:\/\/marsangomateriais.com.br\/index.php\/wp-json\/wp\/v2\/media?parent=919"}],"wp:term":[{"taxonomy":"product_brand","embeddable":true,"href":"https:\/\/marsangomateriais.com.br\/index.php\/wp-json\/wp\/v2\/product_brand?post=919"},{"taxonomy":"product_cat","embeddable":true,"href":"https:\/\/marsangomateriais.com.br\/index.php\/wp-json\/wp\/v2\/product_cat?post=919"},{"taxonomy":"product_tag","embeddable":true,"href":"https:\/\/marsangomateriais.com.br\/index.php\/wp-json\/wp\/v2\/product_tag?post=919"}],"curies":[{"name":"wp","href":"https:\/\/api.w.org\/{rel}","templated":true}]}}