{"id":817,"date":"2026-03-27T15:58:24","date_gmt":"2026-03-27T18:58:24","guid":{"rendered":"https:\/\/marsangomateriais.com.br\/index.php\/produto\/lixeira-aco-inox-cod8223-12l-agata-mor\/"},"modified":"2026-03-28T08:14:36","modified_gmt":"2026-03-28T11:14:36","slug":"lixeira-aco-inox-cod8223-12l-agata-mor","status":"publish","type":"product","link":"https:\/\/marsangomateriais.com.br\/index.php\/produto\/lixeira-aco-inox-cod8223-12l-agata-mor\/","title":{"rendered":"Lixeira de A\u00e7o Inox 12L Agata &#8211; MOR"},"content":{"rendered":"<p>ESPECIFICA\u00c7\u00d5ES DO PRODUTO<\/p>\n<p>A Lixeira \u00c1gata 12 Litros da Mor traz brilho e modernidade ao seu espa\u00e7o, que pode ser a cozinha, o banheiro ou o escrit\u00f3rio da sua casa ou trabalho! Possui estrutura em a\u00e7o inoxid\u00e1vel, tornando-a resistente e com grande durabilidade. Seu balde interno \u00e9 produzido em polipropileno com 25cm de di\u00e2metro e 32,5cm de altura e pode ser facilmente removido atrav\u00e9s de sua al\u00e7a, possibilitando a limpeza e garantindo que seu c\u00f4modo n\u00e3o fique com mau cheiro.<br \/>\nPr\u00e1tica e de f\u00e1cil manuseio, possui mecanismo de abertura superior atrav\u00e9s do pedal, que com um leve toque aciona a tampa, simplificando seu uso e o descarte de lixo. Conta ainda com al\u00e7a externa para facilitar seu transporte e higieniza\u00e7\u00e3o e tem altura total de 39cm. Al\u00e9m de seu design moderno, a Lixeira \u00c1gata proporciona muito mais harmonia com a decora\u00e7\u00e3o de diversos ambientes.<\/p>\n<p>Especifica\u00e7\u00f5es<\/p>\n<p>Marca: Mor<br \/>\nModelo: \u00c1gata 12 L<br \/>\nMedidas (CxLxA): 32,5cm x 25cm x 39cm<br \/>\nCapacidade: 12L<br \/>\nCor: Cromado<br \/>\nPeso: 1,340kg<br \/>\nTipo de abertura: Pedal<br \/>\nComposi\u00e7\u00e3o: Estrutura em a\u00e7o inoxid\u00e1vel, acabamentos e balde interno em polipropileno<br \/>\nConte\u00fado da embalagem: 1 lixeira \u00e1gata 12L<\/p>\n","protected":false},"excerpt":{"rendered":"<p>ESPECIFICA\u00c7\u00d5ES DO PRODUTO A Lixeira \u00c1gata 12 Litros da Mor traz brilho e modernidade ao seu espa\u00e7o, que pode ser a cozinha, o banheiro ou o escrit\u00f3rio da sua casa ou trabalho! Possui estrutura em a\u00e7o inoxid\u00e1vel, tornando-a resistente e com grande durabilidade. Seu balde interno \u00e9 produzido em polipropileno com 25cm de di\u00e2metro e [&hellip;]<\/p>\n","protected":false},"featured_media":938,"comment_status":"open","ping_status":"closed","template":"","meta":[],"product_brand":[],"product_cat":[30],"product_tag":[],"class_list":{"0":"post-817","1":"product","2":"type-product","3":"status-publish","4":"has-post-thumbnail","6":"product_cat-utilidades-domesticas","8":"first","9":"instock","10":"shipping-taxable","11":"purchasable","12":"product-type-simple"},"_links":{"self":[{"href":"https:\/\/marsangomateriais.com.br\/index.php\/wp-json\/wp\/v2\/product\/817","targetHints":{"allow":["GET"]}}],"collection":[{"href":"https:\/\/marsangomateriais.com.br\/index.php\/wp-json\/wp\/v2\/product"}],"about":[{"href":"https:\/\/marsangomateriais.com.br\/index.php\/wp-json\/wp\/v2\/types\/product"}],"replies":[{"embeddable":true,"href":"https:\/\/marsangomateriais.com.br\/index.php\/wp-json\/wp\/v2\/comments?post=817"}],"wp:featuredmedia":[{"embeddable":true,"href":"https:\/\/marsangomateriais.com.br\/index.php\/wp-json\/wp\/v2\/media\/938"}],"wp:attachment":[{"href":"https:\/\/marsangomateriais.com.br\/index.php\/wp-json\/wp\/v2\/media?parent=817"}],"wp:term":[{"taxonomy":"product_brand","embeddable":true,"href":"https:\/\/marsangomateriais.com.br\/index.php\/wp-json\/wp\/v2\/product_brand?post=817"},{"taxonomy":"product_cat","embeddable":true,"href":"https:\/\/marsangomateriais.com.br\/index.php\/wp-json\/wp\/v2\/product_cat?post=817"},{"taxonomy":"product_tag","embeddable":true,"href":"https:\/\/marsangomateriais.com.br\/index.php\/wp-json\/wp\/v2\/product_tag?post=817"}],"curies":[{"name":"wp","href":"https:\/\/api.w.org\/{rel}","templated":true}]}}