{"id":816,"date":"2026-03-27T15:58:23","date_gmt":"2026-03-27T18:58:23","guid":{"rendered":"https:\/\/marsangomateriais.com.br\/index.php\/produto\/lixeira-aco-inox-5lt-cod8222-agata-mor\/"},"modified":"2026-04-10T10:04:18","modified_gmt":"2026-04-10T13:04:18","slug":"lixeira-aco-inox-5lt-cod8222-agata-mor","status":"publish","type":"product","link":"https:\/\/marsangomateriais.com.br\/index.php\/produto\/lixeira-aco-inox-5lt-cod8222-agata-mor\/","title":{"rendered":"Lixeira de A\u00e7o Inox 5L Agata &#8211; MOR"},"content":{"rendered":"<p>ESPECIFICA\u00c7\u00d5ES DO PRODUTO<\/p>\n<p>A Lixeira \u00c1gata 5 Litros da Mor traz brilho e modernidade ao seu espa\u00e7o, que pode ser a cozinha, o banheiro ou o escrit\u00f3rio da sua casa ou trabalho!<br \/>\nPossui estrutura em a\u00e7o inoxid\u00e1vel, tornando-a resistente e com grande durabilidade. Seu balde interno \u00e9 produzido em polipropileno com 20cm de di\u00e2metro e 21cm de altura e pode ser facilmente removido atrav\u00e9s de sua al\u00e7a, possibilitando a limpeza e garantindo que seu c\u00f4modo n\u00e3o fique com mau cheiro.<br \/>\nPr\u00e1tica e de f\u00e1cil manuseio, possui mecanismo de abertura superior atrav\u00e9s do pedal, que com um leve toque aciona a tampa, simplificando seu uso e o descarte de lixo.<br \/>\nConta ainda com al\u00e7a externa para facilitar seu transporte e higieniza\u00e7\u00e3o e tem altura total de 27cm.<br \/>\nAl\u00e9m de seu design moderno, a Lixeira \u00c1gata proporciona muito mais harmonia com a decora\u00e7\u00e3o de diversos ambientes.<br \/>\nEspecifica\u00e7\u00f5es &#8211;<br \/>\nCont\u00e9m &#8211; 1 Lixeira com balde remov\u00edvel<br \/>\n* Balde interno: 20cm x 21cm<br \/>\n* A\u00e7o inoxidavel<br \/>\naltura &#8211; 27,00 Cent\u00edmetros<br \/>\nlargura &#8211; 21,00 Cent\u00edmetros<br \/>\ncomprimento &#8211; 26,00 Cent\u00edmetros<br \/>\nLixeira com 5 litros<br \/>\nOriginal Mor<br \/>\nficha t\u00e9cnica<br \/>\nFabricante Mor<br \/>\nCapacidade 5 L<br \/>\nCor Inox<br \/>\nMaterial Inox<br \/>\nMarca Mor<br \/>\nFuncionalidade Com Pedal<\/p>\n","protected":false},"excerpt":{"rendered":"<p>ESPECIFICA\u00c7\u00d5ES DO PRODUTO A Lixeira \u00c1gata 5 Litros da Mor traz brilho e modernidade ao seu espa\u00e7o, que pode ser a cozinha, o banheiro ou o escrit\u00f3rio da sua casa ou trabalho! Possui estrutura em a\u00e7o inoxid\u00e1vel, tornando-a resistente e com grande durabilidade. Seu balde interno \u00e9 produzido em polipropileno com 20cm de di\u00e2metro e [&hellip;]<\/p>\n","protected":false},"featured_media":913,"comment_status":"open","ping_status":"closed","template":"","meta":[],"product_brand":[],"product_cat":[30],"product_tag":[],"class_list":{"0":"post-816","1":"product","2":"type-product","3":"status-publish","4":"has-post-thumbnail","6":"product_cat-utilidades-domesticas","8":"first","9":"instock","10":"sale","11":"shipping-taxable","12":"purchasable","13":"product-type-simple"},"_links":{"self":[{"href":"https:\/\/marsangomateriais.com.br\/index.php\/wp-json\/wp\/v2\/product\/816","targetHints":{"allow":["GET"]}}],"collection":[{"href":"https:\/\/marsangomateriais.com.br\/index.php\/wp-json\/wp\/v2\/product"}],"about":[{"href":"https:\/\/marsangomateriais.com.br\/index.php\/wp-json\/wp\/v2\/types\/product"}],"replies":[{"embeddable":true,"href":"https:\/\/marsangomateriais.com.br\/index.php\/wp-json\/wp\/v2\/comments?post=816"}],"wp:featuredmedia":[{"embeddable":true,"href":"https:\/\/marsangomateriais.com.br\/index.php\/wp-json\/wp\/v2\/media\/913"}],"wp:attachment":[{"href":"https:\/\/marsangomateriais.com.br\/index.php\/wp-json\/wp\/v2\/media?parent=816"}],"wp:term":[{"taxonomy":"product_brand","embeddable":true,"href":"https:\/\/marsangomateriais.com.br\/index.php\/wp-json\/wp\/v2\/product_brand?post=816"},{"taxonomy":"product_cat","embeddable":true,"href":"https:\/\/marsangomateriais.com.br\/index.php\/wp-json\/wp\/v2\/product_cat?post=816"},{"taxonomy":"product_tag","embeddable":true,"href":"https:\/\/marsangomateriais.com.br\/index.php\/wp-json\/wp\/v2\/product_tag?post=816"}],"curies":[{"name":"wp","href":"https:\/\/api.w.org\/{rel}","templated":true}]}}