{"id":814,"date":"2026-03-27T15:58:21","date_gmt":"2026-03-27T18:58:21","guid":{"rendered":"https:\/\/marsangomateriais.com.br\/index.php\/produto\/conjunto-do-assador-3pcs-cod3338-mor\/"},"modified":"2026-04-10T09:46:07","modified_gmt":"2026-04-10T12:46:07","slug":"conjunto-do-assador-3pcs-cod3338-mor","status":"publish","type":"product","link":"https:\/\/marsangomateriais.com.br\/index.php\/produto\/conjunto-do-assador-3pcs-cod3338-mor\/","title":{"rendered":"Conjunto Assador 3 Pe\u00e7as &#8211; MOR"},"content":{"rendered":"<p>ESPECIFICA\u00c7\u00d5ES DO PRODUTO<\/p>\n<p>O Conjunto do Assador 3 pe\u00e7as Mor \u00e9 formado por uma faca, um garfo e uma chaira com l\u00e2mina em a\u00e7o inoxid\u00e1vel, que confere durabilidade e resist\u00eancia, e cabos pretos em polipropileno que facilitam a higiene e d\u00e3o firmeza durante o manuseio. A chaira garante que sua faca fique sempre afiada, pronta para servir seus convidados com praticidade e bom gosto!<\/p>\n<p>Especifica\u00e7\u00f5es:<br \/>\nMaterial: Polipropileno<br \/>\nCor Predominante: Preto<\/p>\n<p>Informa\u00e7\u00f5es Importantes:<br \/>\n01 faca &#8211; 31cm x 4cm<br \/>\n01 garfo &#8211; 27cm x 3cm<br \/>\n01 chaira &#8211; 29cm x 4cm<\/p>\n<p>Observa\u00e7\u00f5es: Os objetos que ambientam as imagens n\u00e3o acompanham o produto!<br \/>\nGarantia: 90 dias pelo fabricante<\/p>\n<p>Medidas e Peso:<br \/>\nAltura: 36,50 Cent\u00edmetros<br \/>\nLargura: 2,80 Cent\u00edmetros<br \/>\nComprimento: 15,20 Cent\u00edmetros<br \/>\nPeso: 275,00 Gramas<\/p>\n","protected":false},"excerpt":{"rendered":"<p>ESPECIFICA\u00c7\u00d5ES DO PRODUTO O Conjunto do Assador 3 pe\u00e7as Mor \u00e9 formado por uma faca, um garfo e uma chaira com l\u00e2mina em a\u00e7o inoxid\u00e1vel, que confere durabilidade e resist\u00eancia, e cabos pretos em polipropileno que facilitam a higiene e d\u00e3o firmeza durante o manuseio. A chaira garante que sua faca fique sempre afiada, pronta [&hellip;]<\/p>\n","protected":false},"featured_media":880,"comment_status":"open","ping_status":"closed","template":"","meta":[],"product_brand":[],"product_cat":[30],"product_tag":[],"class_list":{"0":"post-814","1":"product","2":"type-product","3":"status-publish","4":"has-post-thumbnail","6":"product_cat-utilidades-domesticas","8":"first","9":"instock","10":"sale","11":"shipping-taxable","12":"purchasable","13":"product-type-simple"},"_links":{"self":[{"href":"https:\/\/marsangomateriais.com.br\/index.php\/wp-json\/wp\/v2\/product\/814","targetHints":{"allow":["GET"]}}],"collection":[{"href":"https:\/\/marsangomateriais.com.br\/index.php\/wp-json\/wp\/v2\/product"}],"about":[{"href":"https:\/\/marsangomateriais.com.br\/index.php\/wp-json\/wp\/v2\/types\/product"}],"replies":[{"embeddable":true,"href":"https:\/\/marsangomateriais.com.br\/index.php\/wp-json\/wp\/v2\/comments?post=814"}],"wp:featuredmedia":[{"embeddable":true,"href":"https:\/\/marsangomateriais.com.br\/index.php\/wp-json\/wp\/v2\/media\/880"}],"wp:attachment":[{"href":"https:\/\/marsangomateriais.com.br\/index.php\/wp-json\/wp\/v2\/media?parent=814"}],"wp:term":[{"taxonomy":"product_brand","embeddable":true,"href":"https:\/\/marsangomateriais.com.br\/index.php\/wp-json\/wp\/v2\/product_brand?post=814"},{"taxonomy":"product_cat","embeddable":true,"href":"https:\/\/marsangomateriais.com.br\/index.php\/wp-json\/wp\/v2\/product_cat?post=814"},{"taxonomy":"product_tag","embeddable":true,"href":"https:\/\/marsangomateriais.com.br\/index.php\/wp-json\/wp\/v2\/product_tag?post=814"}],"curies":[{"name":"wp","href":"https:\/\/api.w.org\/{rel}","templated":true}]}}