{"id":811,"date":"2026-03-27T15:56:21","date_gmt":"2026-03-27T18:56:21","guid":{"rendered":"https:\/\/marsangomateriais.com.br\/index.php\/produto\/varal-chao-com-abas-20-kg-mor-6005\/"},"modified":"2026-05-12T13:58:19","modified_gmt":"2026-05-12T16:58:19","slug":"varal-chao-com-abas-20-kg-mor-6005","status":"publish","type":"product","link":"https:\/\/marsangomateriais.com.br\/index.php\/produto\/varal-chao-com-abas-20-kg-mor-6005\/","title":{"rendered":"Varal de Ch\u00e3o com Abas 25Kg &#8211; MOR"},"content":{"rendered":"<p>ESPECIFICA\u00c7\u00d5ES DO PRODUTO<\/p>\n<p>Quem tem apartamento sabe que o espa\u00e7o para pendurar as roupas n\u00e3o \u00e9 suficiente na lavanderia. Por isso, um grande aliado nesse quesito s\u00e3o os varais de ch\u00e3o. Este modelo da Mor possui 14 varetas para voc\u00ea colocar as roupas para secar e n\u00e3o ficar mais se preocupando com a falta de espa\u00e7o. Feito com tubo de a\u00e7o e acabamento de pintura ep\u00f3xi, o varal \u00e9 resistente e conta ainda com ponteiras nos p\u00e9s.<\/p>\n","protected":false},"excerpt":{"rendered":"<p>ESPECIFICA\u00c7\u00d5ES DO PRODUTO Quem tem apartamento sabe que o espa\u00e7o para pendurar as roupas n\u00e3o \u00e9 suficiente na lavanderia. Por isso, um grande aliado nesse quesito s\u00e3o os varais de ch\u00e3o. Este modelo da Mor possui 14 varetas para voc\u00ea colocar as roupas para secar e n\u00e3o ficar mais se preocupando com a falta de [&hellip;]<\/p>\n","protected":false},"featured_media":860,"comment_status":"open","ping_status":"closed","template":"","meta":[],"product_brand":[],"product_cat":[30],"product_tag":[],"class_list":{"0":"post-811","1":"product","2":"type-product","3":"status-publish","4":"has-post-thumbnail","6":"product_cat-utilidades-domesticas","8":"first","9":"instock","10":"sale","11":"shipping-taxable","12":"purchasable","13":"product-type-simple"},"_links":{"self":[{"href":"https:\/\/marsangomateriais.com.br\/index.php\/wp-json\/wp\/v2\/product\/811","targetHints":{"allow":["GET"]}}],"collection":[{"href":"https:\/\/marsangomateriais.com.br\/index.php\/wp-json\/wp\/v2\/product"}],"about":[{"href":"https:\/\/marsangomateriais.com.br\/index.php\/wp-json\/wp\/v2\/types\/product"}],"replies":[{"embeddable":true,"href":"https:\/\/marsangomateriais.com.br\/index.php\/wp-json\/wp\/v2\/comments?post=811"}],"wp:featuredmedia":[{"embeddable":true,"href":"https:\/\/marsangomateriais.com.br\/index.php\/wp-json\/wp\/v2\/media\/860"}],"wp:attachment":[{"href":"https:\/\/marsangomateriais.com.br\/index.php\/wp-json\/wp\/v2\/media?parent=811"}],"wp:term":[{"taxonomy":"product_brand","embeddable":true,"href":"https:\/\/marsangomateriais.com.br\/index.php\/wp-json\/wp\/v2\/product_brand?post=811"},{"taxonomy":"product_cat","embeddable":true,"href":"https:\/\/marsangomateriais.com.br\/index.php\/wp-json\/wp\/v2\/product_cat?post=811"},{"taxonomy":"product_tag","embeddable":true,"href":"https:\/\/marsangomateriais.com.br\/index.php\/wp-json\/wp\/v2\/product_tag?post=811"}],"curies":[{"name":"wp","href":"https:\/\/api.w.org\/{rel}","templated":true}]}}