{"id":2345,"date":"2026-04-07T14:07:07","date_gmt":"2026-04-07T17:07:07","guid":{"rendered":"https:\/\/marsangomateriais.com.br\/index.php\/produto\/tinta-spray-premium-uso-geral-marrom-brilhante-lukscolor\/"},"modified":"2026-04-10T15:59:51","modified_gmt":"2026-04-10T18:59:51","slug":"tinta-spray-premium-uso-geral-marrom-brilhante-lukscolor","status":"publish","type":"product","link":"https:\/\/marsangomateriais.com.br\/index.php\/produto\/tinta-spray-premium-uso-geral-marrom-brilhante-lukscolor\/","title":{"rendered":"TINTA SPRAY PREMIUM USO GERAL MARROM BRILHANTE &#8211; LUKSCOLOR"},"content":{"rendered":"<p>ESPECIFICA\u00c7\u00d5ES DO PRODUTO<\/p>\n<p>Tinta Spray Premium Marrom brilhante Lukscolor Multi Uso Secagem R\u00e1pida<\/p>\n<p>*Obs: a cor da tampa ilustra a cor da tinta<\/p>\n<p>Tinta spray multi uso, recomendado para madeiras, metais, alvenarias, cer\u00e2micas, gessos e artesanatos. Ambientes internos e externos. Produto de secagem r\u00e1pida.<\/p>\n<p>*Marca: Lukscolor<br \/>\n*Cor: Marrom<br \/>\n*Quantidade: 1unidade<br \/>\n*Conte\u00fado: 400ml<br \/>\n*Uso: Madeiras, metais, alvenarias, cer\u00e2micas, gessos e artesanatos.<br \/>\n*Secagem: at\u00e9 30min ao toque, secagem total \u00e9 ap\u00f3s 24h, e para testes mec\u00e2nicos recomenda-se aguardar 72h. Entre uma dem\u00e3o e outra, \u00e9 sugerido aguardar de 5min a 10min.<\/p>\n<p>Modo de usar: Primeiramente agite bem a lata antes do uso, depois aplique-o pressionando a v\u00e1lvula pulverizadora a uma dist\u00e2ncia de 25cm da superf\u00edcie. A aplica\u00e7\u00e3o \u00e9 recomendada que fa\u00e7a movimentos constantes e uniformes no sentido horizontal e vertical.<br \/>\nRefer\u00eancia: 1F050060035029<\/p>\n","protected":false},"excerpt":{"rendered":"<p>ESPECIFICA\u00c7\u00d5ES DO PRODUTO Tinta Spray Premium Marrom brilhante Lukscolor Multi Uso Secagem R\u00e1pida *Obs: a cor da tampa ilustra a cor da tinta Tinta spray multi uso, recomendado para madeiras, metais, alvenarias, cer\u00e2micas, gessos e artesanatos. Ambientes internos e externos. Produto de secagem r\u00e1pida. *Marca: Lukscolor *Cor: Marrom *Quantidade: 1unidade *Conte\u00fado: 400ml *Uso: Madeiras, metais, [&hellip;]<\/p>\n","protected":false},"featured_media":2443,"comment_status":"open","ping_status":"closed","template":"","meta":[],"product_brand":[],"product_cat":[28],"product_tag":[],"class_list":{"0":"post-2345","1":"product","2":"type-product","3":"status-publish","4":"has-post-thumbnail","6":"product_cat-tintas-e-acessorios","8":"first","9":"instock","10":"sale","11":"shipping-taxable","12":"purchasable","13":"product-type-simple"},"_links":{"self":[{"href":"https:\/\/marsangomateriais.com.br\/index.php\/wp-json\/wp\/v2\/product\/2345","targetHints":{"allow":["GET"]}}],"collection":[{"href":"https:\/\/marsangomateriais.com.br\/index.php\/wp-json\/wp\/v2\/product"}],"about":[{"href":"https:\/\/marsangomateriais.com.br\/index.php\/wp-json\/wp\/v2\/types\/product"}],"replies":[{"embeddable":true,"href":"https:\/\/marsangomateriais.com.br\/index.php\/wp-json\/wp\/v2\/comments?post=2345"}],"wp:featuredmedia":[{"embeddable":true,"href":"https:\/\/marsangomateriais.com.br\/index.php\/wp-json\/wp\/v2\/media\/2443"}],"wp:attachment":[{"href":"https:\/\/marsangomateriais.com.br\/index.php\/wp-json\/wp\/v2\/media?parent=2345"}],"wp:term":[{"taxonomy":"product_brand","embeddable":true,"href":"https:\/\/marsangomateriais.com.br\/index.php\/wp-json\/wp\/v2\/product_brand?post=2345"},{"taxonomy":"product_cat","embeddable":true,"href":"https:\/\/marsangomateriais.com.br\/index.php\/wp-json\/wp\/v2\/product_cat?post=2345"},{"taxonomy":"product_tag","embeddable":true,"href":"https:\/\/marsangomateriais.com.br\/index.php\/wp-json\/wp\/v2\/product_tag?post=2345"}],"curies":[{"name":"wp","href":"https:\/\/api.w.org\/{rel}","templated":true}]}}