{"id":1887,"date":"2026-04-02T17:04:48","date_gmt":"2026-04-02T20:04:48","guid":{"rendered":"https:\/\/marsangomateriais.com.br\/index.php\/produto\/arandela-cristal-light-com-base-aluminio-dourado-blumenau\/"},"modified":"2026-04-09T23:47:16","modified_gmt":"2026-04-10T02:47:16","slug":"arandela-cristal-light-com-base-aluminio-dourado-blumenau","status":"publish","type":"product","link":"https:\/\/marsangomateriais.com.br\/index.php\/produto\/arandela-cristal-light-com-base-aluminio-dourado-blumenau\/","title":{"rendered":"ARANDELA CRISTAL LIGHT COM BASE ALUM\u00cdNIO DOURADO &#8211; BLUMENAU"},"content":{"rendered":"<p>ESPECIFICA\u00c7\u00d5ES DO PRODUTO<\/p>\n<p>Arandela Blumenau Cristal Light G9 Bivolt Dourada<\/p>\n<p>DETALHES DO PRODUTO<br \/>\n&#8211; Marca: Blumenau &#8211; MIRA<br \/>\n&#8211; \u00danico: \u00fanico<br \/>\n&#8211; Dimens\u00f5es AxLxP (mm): 260x80x115<br \/>\n&#8211; Frequ\u00eancia: 50\/60 Hz<br \/>\n&#8211; Refer\u00eancia: 89631130<br \/>\n&#8211; Cor: Dourado<br \/>\n&#8211; Grau de Prote\u00e7\u00e3o: IP 20<br \/>\n&#8211; L\u00e2mpada Inclusa: N\u00e3o<br \/>\n&#8211; Material: A\u00e7o e Cristais<br \/>\n&#8211; N\u00famero de L\u00e2mpadas: 1<br \/>\n&#8211; Pot\u00eancia M\u00e1xima (por soquete): 25W<br \/>\n&#8211; Soquete: G9<\/p>\n<p>IMPORTANTE:<br \/>\nN\u00e3o nos responsabilizamos pela m\u00e1 instala\u00e7\u00e3o do produto. Procure um profissional para a<br \/>\ninstala\u00e7\u00e3o adequada.<br \/>\nRefer\u00eancia: 89631130<\/p>\n","protected":false},"excerpt":{"rendered":"<p>ESPECIFICA\u00c7\u00d5ES DO PRODUTO Arandela Blumenau Cristal Light G9 Bivolt Dourada DETALHES DO PRODUTO &#8211; Marca: Blumenau &#8211; MIRA &#8211; \u00danico: \u00fanico &#8211; Dimens\u00f5es AxLxP (mm): 260x80x115 &#8211; Frequ\u00eancia: 50\/60 Hz &#8211; Refer\u00eancia: 89631130 &#8211; Cor: Dourado &#8211; Grau de Prote\u00e7\u00e3o: IP 20 &#8211; L\u00e2mpada Inclusa: N\u00e3o &#8211; Material: A\u00e7o e Cristais &#8211; N\u00famero de L\u00e2mpadas: [&hellip;]<\/p>\n","protected":false},"featured_media":2040,"comment_status":"open","ping_status":"closed","template":"","meta":[],"product_brand":[],"product_cat":[36],"product_tag":[],"class_list":{"0":"post-1887","1":"product","2":"type-product","3":"status-publish","4":"has-post-thumbnail","6":"product_cat-materiais-eletricos","8":"first","9":"instock","10":"shipping-taxable","11":"purchasable","12":"product-type-simple"},"_links":{"self":[{"href":"https:\/\/marsangomateriais.com.br\/index.php\/wp-json\/wp\/v2\/product\/1887","targetHints":{"allow":["GET"]}}],"collection":[{"href":"https:\/\/marsangomateriais.com.br\/index.php\/wp-json\/wp\/v2\/product"}],"about":[{"href":"https:\/\/marsangomateriais.com.br\/index.php\/wp-json\/wp\/v2\/types\/product"}],"replies":[{"embeddable":true,"href":"https:\/\/marsangomateriais.com.br\/index.php\/wp-json\/wp\/v2\/comments?post=1887"}],"wp:featuredmedia":[{"embeddable":true,"href":"https:\/\/marsangomateriais.com.br\/index.php\/wp-json\/wp\/v2\/media\/2040"}],"wp:attachment":[{"href":"https:\/\/marsangomateriais.com.br\/index.php\/wp-json\/wp\/v2\/media?parent=1887"}],"wp:term":[{"taxonomy":"product_brand","embeddable":true,"href":"https:\/\/marsangomateriais.com.br\/index.php\/wp-json\/wp\/v2\/product_brand?post=1887"},{"taxonomy":"product_cat","embeddable":true,"href":"https:\/\/marsangomateriais.com.br\/index.php\/wp-json\/wp\/v2\/product_cat?post=1887"},{"taxonomy":"product_tag","embeddable":true,"href":"https:\/\/marsangomateriais.com.br\/index.php\/wp-json\/wp\/v2\/product_tag?post=1887"}],"curies":[{"name":"wp","href":"https:\/\/api.w.org\/{rel}","templated":true}]}}