{"id":1867,"date":"2026-04-02T16:54:45","date_gmt":"2026-04-02T19:54:45","guid":{"rendered":"https:\/\/marsangomateriais.com.br\/index.php\/produto\/chuveiro-acqua-duo-branco-220v-7800w-lorenzetti\/"},"modified":"2026-04-09T23:48:06","modified_gmt":"2026-04-10T02:48:06","slug":"chuveiro-acqua-duo-branco-220v-7800w-lorenzetti","status":"publish","type":"product","link":"https:\/\/marsangomateriais.com.br\/index.php\/produto\/chuveiro-acqua-duo-branco-220v-7800w-lorenzetti\/","title":{"rendered":"CHUVEIRO ACQUA DUO BRANCO 220V\/7800W &#8211; LORENZETTI"},"content":{"rendered":"<p>ESPECIFICA\u00c7\u00d5ES DO PRODUTO<\/p>\n<p>Linha Acqua Ultra, \u00e9 da Lorenzetti, produto sofisticado que possui acabamento moderno com linhas quadradas, design compacto.<\/p>\n<p>Similar ao design de duchas frias e que integra ducha e chuveiro em um \u00fanico produto.<\/p>\n<p>Na op\u00e7\u00e3o de banho com ducha, o jato \u00e9 direcion\u00e1vel e concentrado, inclinando-se na dire\u00e7\u00e3o desejada, enquanto o chuveiro proporciona um jato mais espa\u00e7ado, por meio de um espalhador de grande propor\u00e7\u00e3o.<\/p>\n<p>A Linha Acqua Ultra conta com a exclusiva Resist\u00eancia Loren Ultra, a primeira resist\u00eancia plana do mercado. Trata-se de um desenvolvimento com mais de cinco anos de estudos, que garante alta performance e longa dura\u00e7\u00e3o.Ducha e Chuveiro em um s\u00f3 produto &#8211; Escolha a op\u00e7\u00e3o do seu banho, resist\u00eancia de troca r\u00e1pida Loren Ultra &#8211; Exclusivo cartucho que garante uma troca r\u00e1pida e segura.Comando eletr\u00f4nico &#8211; Permite a escolha gradual e precisa da temperatura.<\/p>\n<p>Tecnologia Press Plus &#8211; Jatos de alta performance mesmo com baixa press\u00e3o.Exclusiva resist\u00eancia Loren Ultra &#8211; Longa dura\u00e7\u00e3o em compara\u00e7\u00e3o as resist\u00eancias comuns.<\/p>\n<p>Haste de comando &#8211; Controle de temperaturas e sele\u00e7\u00e3o do tipo de jato ao alcance das m\u00e3os (uso opcional).<br \/>\nF\u00e1cil instala\u00e7\u00e3o &#8211; Em poucos passos a ducha \u00e9 instalada ou removida.D.R.I. Dispositivo de Regulagem de Inclina\u00e7\u00e3o.<br \/>\nDucha manual com design exclusivo.<br \/>\nCompat\u00edvel com aquecimento solar e outros sistemas de aquecimento.<\/p>\n<p>Tecnologia Press Plus: jatos de alta performance mesmo com baixa press\u00e3o<\/p>\n<p>Exclusiva resist\u00eancia Loren Ultra &#8211; longa dura\u00e7\u00e3o em compara\u00e7\u00e3o as resist\u00eancias comuns, resist\u00eancia de troca r\u00e1pida Loren Ultra: exclusivo cartucho que garante uma troca r\u00e1pida e segura<\/p>\n<p>Comando eletr\u00f4nico: permite a escolha gradual e precisa da temperatura<\/p>\n<p>Haste de controle de temperaturas: controle de temperaturas ao alcance das m\u00e3os (uso opcional)<\/p>\n<p>Antes de instalar o chuveiro, verifique o manual do usu\u00e1rio.<\/p>\n<p>Fabricante: Lorenzetti<br \/>\nCertifica\u00e7\u00e3o: IPT &#8211; Instituto de Pesquisas Tecnol\u00f3gicas<br \/>\nCor: Branco\/Cromado<br \/>\nAcabamento: Branco\/Cromado<br \/>\nMaterial: Pl\u00e1sticos de engenharia e ligas de metal.<br \/>\nFormato: Quadrado<br \/>\nTipo de fonte de energia: Energia el\u00e9trica<br \/>\nVoltagem: 220 Volts<br \/>\nEtiqueta Nacional de Efici\u00eancia Energ\u00e9tica (ENCE): F<br \/>\nPot\u00eancia em watts: 7800<br \/>\nForma de instala\u00e7\u00e3o: El\u00e9trica\/Hidr\u00e1ulica<br \/>\nQuantidade por pacote: 1<br \/>\nN\u00famero de produtos: 1<br \/>\nUsos espec\u00edficos do produto: Aquecimento de \u00e1gua<br \/>\nComponentes inclu\u00eddos: Mangueira,ducha manual e suporte para ducha manual.<br \/>\nFunciona a bateria ou pilha: N\u00e3o<br \/>\nPeso: 2,1 Quilogramas<br \/>\nComprimento: 52 cent\u00edmetros<br \/>\nLargura: 21 cent\u00edmetros<br \/>\nAltura: 22,8 cent\u00edmetros<br \/>\nFabricante: Lorenzetti<br \/>\nTipo de configura\u00e7\u00e3o: Chuva<br \/>\nRefer\u00eancia: 7510098<\/p>\n","protected":false},"excerpt":{"rendered":"<p>ESPECIFICA\u00c7\u00d5ES DO PRODUTO Linha Acqua Ultra, \u00e9 da Lorenzetti, produto sofisticado que possui acabamento moderno com linhas quadradas, design compacto. Similar ao design de duchas frias e que integra ducha e chuveiro em um \u00fanico produto. Na op\u00e7\u00e3o de banho com ducha, o jato \u00e9 direcion\u00e1vel e concentrado, inclinando-se na dire\u00e7\u00e3o desejada, enquanto o chuveiro [&hellip;]<\/p>\n","protected":false},"featured_media":1991,"comment_status":"open","ping_status":"closed","template":"","meta":[],"product_brand":[],"product_cat":[36],"product_tag":[],"class_list":{"0":"post-1867","1":"product","2":"type-product","3":"status-publish","4":"has-post-thumbnail","6":"product_cat-materiais-eletricos","8":"first","9":"instock","10":"shipping-taxable","11":"purchasable","12":"product-type-simple"},"_links":{"self":[{"href":"https:\/\/marsangomateriais.com.br\/index.php\/wp-json\/wp\/v2\/product\/1867","targetHints":{"allow":["GET"]}}],"collection":[{"href":"https:\/\/marsangomateriais.com.br\/index.php\/wp-json\/wp\/v2\/product"}],"about":[{"href":"https:\/\/marsangomateriais.com.br\/index.php\/wp-json\/wp\/v2\/types\/product"}],"replies":[{"embeddable":true,"href":"https:\/\/marsangomateriais.com.br\/index.php\/wp-json\/wp\/v2\/comments?post=1867"}],"wp:featuredmedia":[{"embeddable":true,"href":"https:\/\/marsangomateriais.com.br\/index.php\/wp-json\/wp\/v2\/media\/1991"}],"wp:attachment":[{"href":"https:\/\/marsangomateriais.com.br\/index.php\/wp-json\/wp\/v2\/media?parent=1867"}],"wp:term":[{"taxonomy":"product_brand","embeddable":true,"href":"https:\/\/marsangomateriais.com.br\/index.php\/wp-json\/wp\/v2\/product_brand?post=1867"},{"taxonomy":"product_cat","embeddable":true,"href":"https:\/\/marsangomateriais.com.br\/index.php\/wp-json\/wp\/v2\/product_cat?post=1867"},{"taxonomy":"product_tag","embeddable":true,"href":"https:\/\/marsangomateriais.com.br\/index.php\/wp-json\/wp\/v2\/product_tag?post=1867"}],"curies":[{"name":"wp","href":"https:\/\/api.w.org\/{rel}","templated":true}]}}