{"id":1855,"date":"2026-04-02T15:56:46","date_gmt":"2026-04-02T18:56:46","guid":{"rendered":"https:\/\/marsangomateriais.com.br\/index.php\/produto\/pressurizador-maxi-turbo-220v-lorenzetti\/"},"modified":"2026-04-06T09:41:52","modified_gmt":"2026-04-06T12:41:52","slug":"pressurizador-maxi-turbo-220v-lorenzetti","status":"publish","type":"product","link":"https:\/\/marsangomateriais.com.br\/index.php\/produto\/pressurizador-maxi-turbo-220v-lorenzetti\/","title":{"rendered":"PRESSURIZADOR MAXI TURBO 220V LORENZETTI"},"content":{"rendered":"<p>ESPECIFICA\u00c7\u00d5ES DO PRODUTO<\/p>\n<p>Descri\u00e7\u00e3o<br \/>\nCaracter\u00edsticas:<br \/>\nO pressurizador Maxi Turbo Lorenzetti \u00e9 uma solu\u00e7\u00e3o muito econ\u00f4mica para problemas de press\u00e3o e volume de \u00e1gua, principalmente para quem mora em casas t\u00e9rreas ou sobrados onde a press\u00e3o de \u00e1gua \u00e9 normalmente baixa.<br \/>\nAplica\u00e7\u00e3o: Usada em sobrados e casas t\u00e9rreas para o aumento de volume e press\u00e3o de \u00e1gua.<br \/>\nComposi\u00e7\u00e3o: Termopl\u00e1sticos, Elast\u00f4meros, Ligas de Cobre, Ferro, Zinco, Prata , N\u00edquel, Cromo, Alum\u00ednio e Estanho.<br \/>\nAcompanha cano para instala\u00e7\u00e3o caso ocorra necessidade.<br \/>\nAcionamento autom\u00e1tico com a abertura do registro da \u00e1gua.<br \/>\nPot\u00eancias: 46W para o modelo de 220V e 52W para o modelo de 127V.<br \/>\nConex\u00e3o de entrada: Rosca macho de 1\/2&#8243;.<br \/>\nConex\u00e3o de sa\u00edda: Rosca f\u00eamea de 1\/2&#8243;.<br \/>\nPress\u00e3o m\u00ednima de funcionamento: 0,70 mca.<br \/>\nPress\u00e3o m\u00e1xima de funcionamento: 2,5 mca.<br \/>\nCompat\u00edvel com qualquer ducha ou chuveiro el\u00e9trico.<br \/>\nRefer\u00eancia: 7541009<\/p>\n","protected":false},"excerpt":{"rendered":"<p>ESPECIFICA\u00c7\u00d5ES DO PRODUTO Descri\u00e7\u00e3o Caracter\u00edsticas: O pressurizador Maxi Turbo Lorenzetti \u00e9 uma solu\u00e7\u00e3o muito econ\u00f4mica para problemas de press\u00e3o e volume de \u00e1gua, principalmente para quem mora em casas t\u00e9rreas ou sobrados onde a press\u00e3o de \u00e1gua \u00e9 normalmente baixa. Aplica\u00e7\u00e3o: Usada em sobrados e casas t\u00e9rreas para o aumento de volume e press\u00e3o de [&hellip;]<\/p>\n","protected":false},"featured_media":1957,"comment_status":"open","ping_status":"closed","template":"","meta":[],"product_brand":[],"product_cat":[36],"product_tag":[],"class_list":{"0":"post-1855","1":"product","2":"type-product","3":"status-publish","4":"has-post-thumbnail","6":"product_cat-materiais-eletricos","8":"first","9":"instock","10":"shipping-taxable","11":"purchasable","12":"product-type-simple"},"_links":{"self":[{"href":"https:\/\/marsangomateriais.com.br\/index.php\/wp-json\/wp\/v2\/product\/1855","targetHints":{"allow":["GET"]}}],"collection":[{"href":"https:\/\/marsangomateriais.com.br\/index.php\/wp-json\/wp\/v2\/product"}],"about":[{"href":"https:\/\/marsangomateriais.com.br\/index.php\/wp-json\/wp\/v2\/types\/product"}],"replies":[{"embeddable":true,"href":"https:\/\/marsangomateriais.com.br\/index.php\/wp-json\/wp\/v2\/comments?post=1855"}],"wp:featuredmedia":[{"embeddable":true,"href":"https:\/\/marsangomateriais.com.br\/index.php\/wp-json\/wp\/v2\/media\/1957"}],"wp:attachment":[{"href":"https:\/\/marsangomateriais.com.br\/index.php\/wp-json\/wp\/v2\/media?parent=1855"}],"wp:term":[{"taxonomy":"product_brand","embeddable":true,"href":"https:\/\/marsangomateriais.com.br\/index.php\/wp-json\/wp\/v2\/product_brand?post=1855"},{"taxonomy":"product_cat","embeddable":true,"href":"https:\/\/marsangomateriais.com.br\/index.php\/wp-json\/wp\/v2\/product_cat?post=1855"},{"taxonomy":"product_tag","embeddable":true,"href":"https:\/\/marsangomateriais.com.br\/index.php\/wp-json\/wp\/v2\/product_tag?post=1855"}],"curies":[{"name":"wp","href":"https:\/\/api.w.org\/{rel}","templated":true}]}}