{"id":11434,"date":"2026-05-13T15:45:37","date_gmt":"2026-05-13T18:45:37","guid":{"rendered":"https:\/\/marsangomateriais.com.br\/index.php\/produto\/fita-crepe-24mmx50m-kala\/"},"modified":"2026-05-14T09:32:37","modified_gmt":"2026-05-14T12:32:37","slug":"fita-crepe-24mmx50m-kala","status":"publish","type":"product","link":"https:\/\/marsangomateriais.com.br\/index.php\/produto\/fita-crepe-24mmx50m-kala\/","title":{"rendered":"Fita Crepe 24MMX50M &#8211; KALA"},"content":{"rendered":"<p>ESPECIFICA\u00c7\u00d5ES DO PRODUTO<\/p>\n<p>A Fita Crepe para Uso Geral e Pintura Imobili\u00e1ria de 25mm com 50 Metros \u00e9 uma fita adesiva de papel crepado tratado com solu\u00e7\u00e3o \u00e0 base de borracha e com adesivo a base de borracha e resina. Ideal para trabalhos escolares, fechamento de pacotes leves, refor\u00e7os de embalagens, fixa\u00e7\u00e3o de pap\u00e9is ou pl\u00e1sticos, escrit\u00f3rio\/dom\u00e9stico.<\/p>\n","protected":false},"excerpt":{"rendered":"<p>ESPECIFICA\u00c7\u00d5ES DO PRODUTO A Fita Crepe para Uso Geral e Pintura Imobili\u00e1ria de 25mm com 50 Metros \u00e9 uma fita adesiva de papel crepado tratado com solu\u00e7\u00e3o \u00e0 base de borracha e com adesivo a base de borracha e resina. Ideal para trabalhos escolares, fechamento de pacotes leves, refor\u00e7os de embalagens, fixa\u00e7\u00e3o de pap\u00e9is ou [&hellip;]<\/p>\n","protected":false},"featured_media":11499,"comment_status":"open","ping_status":"closed","template":"","meta":[],"product_brand":[],"product_cat":[26],"product_tag":[],"class_list":{"0":"post-11434","1":"product","2":"type-product","3":"status-publish","4":"has-post-thumbnail","6":"product_cat-isolamentos-e-adesivos","8":"first","9":"instock","10":"sale","11":"shipping-taxable","12":"purchasable","13":"product-type-simple"},"_links":{"self":[{"href":"https:\/\/marsangomateriais.com.br\/index.php\/wp-json\/wp\/v2\/product\/11434","targetHints":{"allow":["GET"]}}],"collection":[{"href":"https:\/\/marsangomateriais.com.br\/index.php\/wp-json\/wp\/v2\/product"}],"about":[{"href":"https:\/\/marsangomateriais.com.br\/index.php\/wp-json\/wp\/v2\/types\/product"}],"replies":[{"embeddable":true,"href":"https:\/\/marsangomateriais.com.br\/index.php\/wp-json\/wp\/v2\/comments?post=11434"}],"wp:featuredmedia":[{"embeddable":true,"href":"https:\/\/marsangomateriais.com.br\/index.php\/wp-json\/wp\/v2\/media\/11499"}],"wp:attachment":[{"href":"https:\/\/marsangomateriais.com.br\/index.php\/wp-json\/wp\/v2\/media?parent=11434"}],"wp:term":[{"taxonomy":"product_brand","embeddable":true,"href":"https:\/\/marsangomateriais.com.br\/index.php\/wp-json\/wp\/v2\/product_brand?post=11434"},{"taxonomy":"product_cat","embeddable":true,"href":"https:\/\/marsangomateriais.com.br\/index.php\/wp-json\/wp\/v2\/product_cat?post=11434"},{"taxonomy":"product_tag","embeddable":true,"href":"https:\/\/marsangomateriais.com.br\/index.php\/wp-json\/wp\/v2\/product_tag?post=11434"}],"curies":[{"name":"wp","href":"https:\/\/api.w.org\/{rel}","templated":true}]}}