{"id":10867,"date":"2026-04-23T15:58:12","date_gmt":"2026-04-23T18:58:12","guid":{"rendered":"https:\/\/marsangomateriais.com.br\/index.php\/produto\/aparador-grama-fio-duplo-800w-220v-tekna\/"},"modified":"2026-04-24T09:33:52","modified_gmt":"2026-04-24T12:33:52","slug":"aparador-grama-fio-duplo-800w-220v-tekna","status":"publish","type":"product","link":"https:\/\/marsangomateriais.com.br\/index.php\/produto\/aparador-grama-fio-duplo-800w-220v-tekna\/","title":{"rendered":"Aparador Grama Fio Duplo 800W 220V &#8211; TEKNA"},"content":{"rendered":"<p>ESPECIFICA\u00c7\u00d5ES DO PRODUTO<\/p>\n<p>O Aparador de grama 800 watts a fio de nylon TT1000 da Tekna \u00e9 indicado para uso residencial em acabamentos de jardins, borda de canteiros, entre plantas e flores, cal\u00e7adas, muros e demais obst\u00e1culos. Com fio duplo e empunhadura frontal, proporciona conforto e rendimento ao trabalho. O TT1000 \u00e9 equipado com motor universal com escovas, possui 28 cm de di\u00e2metro de corte, 900 Watts de pot\u00eancia e est\u00e1 dispon\u00edvel na voltagem de 110 ou 220 volts. Conta com empunhadura frontal, saia de prote\u00e7\u00e3o e cabe\u00e7ote de nylon bate-libera.<\/p>\n","protected":false},"excerpt":{"rendered":"<p>ESPECIFICA\u00c7\u00d5ES DO PRODUTO O Aparador de grama 800 watts a fio de nylon TT1000 da Tekna \u00e9 indicado para uso residencial em acabamentos de jardins, borda de canteiros, entre plantas e flores, cal\u00e7adas, muros e demais obst\u00e1culos. Com fio duplo e empunhadura frontal, proporciona conforto e rendimento ao trabalho. O TT1000 \u00e9 equipado com motor [&hellip;]<\/p>\n","protected":false},"featured_media":10899,"comment_status":"open","ping_status":"closed","template":"","meta":[],"product_brand":[],"product_cat":[32],"product_tag":[],"class_list":{"0":"post-10867","1":"product","2":"type-product","3":"status-publish","4":"has-post-thumbnail","6":"product_cat-jardinagem","8":"first","9":"instock","10":"sale","11":"shipping-taxable","12":"purchasable","13":"product-type-simple"},"_links":{"self":[{"href":"https:\/\/marsangomateriais.com.br\/index.php\/wp-json\/wp\/v2\/product\/10867","targetHints":{"allow":["GET"]}}],"collection":[{"href":"https:\/\/marsangomateriais.com.br\/index.php\/wp-json\/wp\/v2\/product"}],"about":[{"href":"https:\/\/marsangomateriais.com.br\/index.php\/wp-json\/wp\/v2\/types\/product"}],"replies":[{"embeddable":true,"href":"https:\/\/marsangomateriais.com.br\/index.php\/wp-json\/wp\/v2\/comments?post=10867"}],"wp:featuredmedia":[{"embeddable":true,"href":"https:\/\/marsangomateriais.com.br\/index.php\/wp-json\/wp\/v2\/media\/10899"}],"wp:attachment":[{"href":"https:\/\/marsangomateriais.com.br\/index.php\/wp-json\/wp\/v2\/media?parent=10867"}],"wp:term":[{"taxonomy":"product_brand","embeddable":true,"href":"https:\/\/marsangomateriais.com.br\/index.php\/wp-json\/wp\/v2\/product_brand?post=10867"},{"taxonomy":"product_cat","embeddable":true,"href":"https:\/\/marsangomateriais.com.br\/index.php\/wp-json\/wp\/v2\/product_cat?post=10867"},{"taxonomy":"product_tag","embeddable":true,"href":"https:\/\/marsangomateriais.com.br\/index.php\/wp-json\/wp\/v2\/product_tag?post=10867"}],"curies":[{"name":"wp","href":"https:\/\/api.w.org\/{rel}","templated":true}]}}