{"id":10858,"date":"2026-04-23T15:48:10","date_gmt":"2026-04-23T18:48:10","guid":{"rendered":"https:\/\/marsangomateriais.com.br\/index.php\/produto\/esguicho-pressao-jet-garden-1-2-garden\/"},"modified":"2026-04-23T16:25:47","modified_gmt":"2026-04-23T19:25:47","slug":"esguicho-pressao-jet-garden-1-2-garden","status":"publish","type":"product","link":"https:\/\/marsangomateriais.com.br\/index.php\/produto\/esguicho-pressao-jet-garden-1-2-garden\/","title":{"rendered":"Esguicho Press\u00e3o jet 1\/2&#8243; &#8211; GARDEN"},"content":{"rendered":"<p>ESPECIFICA\u00c7\u00d5ES DO PRODUTO<\/p>\n<p>O Esguicho 1\/2&#8243; Jet Garden 11901 Garden n\u00e3o pode faltar na hora de lavar seu carro, pisos de quintal, cuidar do jardim e horta, pois al\u00e9m de praticidade no seu dia a dia pode proporcionar economia de \u00e1gua de at\u00e9 70%. O produto \u00e9 resistente e leve com cabo longo que alcan\u00e7a lugares mais dif\u00edceis facilitando a limpeza. Possui exclusiva ponteira dupla patenteada que permite a troca r\u00e1pida do jato reto para o jato tipo vassoura, aumentando a press\u00e3o de sa\u00edda de \u00e1gua. Com 37 anos de exist\u00eancia, a Garden fabrica tamb\u00e9m esguichos para jardim, conex\u00f5es diversas, bra\u00e7os de chuveiro, pistolas de limpeza e pulveriza\u00e7\u00e3o, engates r\u00e1pidos al\u00e9m dos tradicionais bicos de torneiras em Lat\u00e3o, Zamac, Pl\u00e1stico e Alum\u00ednio e conta tamb\u00e9m com a linha mais completa de torneiras de b\u00f3ia com bal\u00f5es pl\u00e1sticos ou de lat\u00e3o, nas medidas de at\u00e9 4&#8243;; a maior e melhor linha de esguichos e irrigadores do mercado.<\/p>\n","protected":false},"excerpt":{"rendered":"<p>ESPECIFICA\u00c7\u00d5ES DO PRODUTO O Esguicho 1\/2&#8243; Jet Garden 11901 Garden n\u00e3o pode faltar na hora de lavar seu carro, pisos de quintal, cuidar do jardim e horta, pois al\u00e9m de praticidade no seu dia a dia pode proporcionar economia de \u00e1gua de at\u00e9 70%. O produto \u00e9 resistente e leve com cabo longo que alcan\u00e7a [&hellip;]<\/p>\n","protected":false},"featured_media":10875,"comment_status":"open","ping_status":"closed","template":"","meta":[],"product_brand":[],"product_cat":[32],"product_tag":[],"class_list":{"0":"post-10858","1":"product","2":"type-product","3":"status-publish","4":"has-post-thumbnail","6":"product_cat-jardinagem","8":"first","9":"instock","10":"sale","11":"shipping-taxable","12":"purchasable","13":"product-type-simple"},"_links":{"self":[{"href":"https:\/\/marsangomateriais.com.br\/index.php\/wp-json\/wp\/v2\/product\/10858","targetHints":{"allow":["GET"]}}],"collection":[{"href":"https:\/\/marsangomateriais.com.br\/index.php\/wp-json\/wp\/v2\/product"}],"about":[{"href":"https:\/\/marsangomateriais.com.br\/index.php\/wp-json\/wp\/v2\/types\/product"}],"replies":[{"embeddable":true,"href":"https:\/\/marsangomateriais.com.br\/index.php\/wp-json\/wp\/v2\/comments?post=10858"}],"wp:featuredmedia":[{"embeddable":true,"href":"https:\/\/marsangomateriais.com.br\/index.php\/wp-json\/wp\/v2\/media\/10875"}],"wp:attachment":[{"href":"https:\/\/marsangomateriais.com.br\/index.php\/wp-json\/wp\/v2\/media?parent=10858"}],"wp:term":[{"taxonomy":"product_brand","embeddable":true,"href":"https:\/\/marsangomateriais.com.br\/index.php\/wp-json\/wp\/v2\/product_brand?post=10858"},{"taxonomy":"product_cat","embeddable":true,"href":"https:\/\/marsangomateriais.com.br\/index.php\/wp-json\/wp\/v2\/product_cat?post=10858"},{"taxonomy":"product_tag","embeddable":true,"href":"https:\/\/marsangomateriais.com.br\/index.php\/wp-json\/wp\/v2\/product_tag?post=10858"}],"curies":[{"name":"wp","href":"https:\/\/api.w.org\/{rel}","templated":true}]}}