{"id":10456,"date":"2026-04-15T08:35:37","date_gmt":"2026-04-15T11:35:37","guid":{"rendered":"https:\/\/marsangomateriais.com.br\/index.php\/produto\/caixa-de-descarga-branca-cipla\/"},"modified":"2026-04-16T11:45:50","modified_gmt":"2026-04-16T14:45:50","slug":"caixa-de-descarga-branca-cipla","status":"publish","type":"product","link":"https:\/\/marsangomateriais.com.br\/index.php\/produto\/caixa-de-descarga-branca-cipla\/","title":{"rendered":"CAIXA DE DESCARGA BRANCA &#8211; CIPLA"},"content":{"rendered":"<p>ESPECIFICA\u00c7\u00d5ES DO PRODUTO<\/p>\n<p>A caixa de descarga faz com que escoe \u00e1gua na quantidade m\u00ednima necess\u00e1ria para preencher o vaso sanit\u00e1rio e evitar o retorno de odores, economizando \u00e1gua al\u00e9m de tempo e dinheiro por sua r\u00e1pida e pr\u00e1tica instala\u00e7\u00e3o.<\/p>\n<p>Caracter\u00edsticas Gerais do Produto:<br \/>\n? Acionamento: Corda antifungo<br \/>\n? Cor Predominante: Branco<br \/>\n? Conex\u00e3o Hidr\u00e1ulica (Sa\u00edda): 40 mm<br \/>\n? Entrada de \u00e1gua: 1\/2<br \/>\n? Tipo: Externa<br \/>\n? Uso Ideal: Vaso sanit\u00e1rio de 6 a 9 litros<br \/>\n? Capacidade: 9 Litros<br \/>\n? Fixa\u00e7\u00e3o: Parede<br \/>\n? Press\u00e3o: 4 Kgf \/ cm2<br \/>\n? Informa\u00e7\u00e3o Complementar: Atende Norma de Refer\u00eancia: NBR 15491<br \/>\n? Informa\u00e7\u00f5es Importantes: Acompanha kit de parafusos para instala\u00e7\u00e3o<br \/>\n? Material: PE (caixa, tampa) \/ PP (puxador, acoplamento)<br \/>\n? Altura: 290 mm<br \/>\n? Largura: 160 mm<br \/>\n? Comprimento: 360 mm<br \/>\n? Marca: Cipla<br \/>\n? EAN: 7896050306062<br \/>\n? C\u00f3digo do Fornecedor: 606<br \/>\n? Modelo: C-4<\/p>\n","protected":false},"excerpt":{"rendered":"<p>ESPECIFICA\u00c7\u00d5ES DO PRODUTO A caixa de descarga faz com que escoe \u00e1gua na quantidade m\u00ednima necess\u00e1ria para preencher o vaso sanit\u00e1rio e evitar o retorno de odores, economizando \u00e1gua al\u00e9m de tempo e dinheiro por sua r\u00e1pida e pr\u00e1tica instala\u00e7\u00e3o. Caracter\u00edsticas Gerais do Produto: ? Acionamento: Corda antifungo ? Cor Predominante: Branco ? Conex\u00e3o Hidr\u00e1ulica [&hellip;]<\/p>\n","protected":false},"featured_media":10511,"comment_status":"open","ping_status":"closed","template":"","meta":[],"product_brand":[],"product_cat":[33],"product_tag":[],"class_list":{"0":"post-10456","1":"product","2":"type-product","3":"status-publish","4":"has-post-thumbnail","6":"product_cat-banheiros-e-acessorios","8":"first","9":"instock","10":"sale","11":"shipping-taxable","12":"purchasable","13":"product-type-simple"},"_links":{"self":[{"href":"https:\/\/marsangomateriais.com.br\/index.php\/wp-json\/wp\/v2\/product\/10456","targetHints":{"allow":["GET"]}}],"collection":[{"href":"https:\/\/marsangomateriais.com.br\/index.php\/wp-json\/wp\/v2\/product"}],"about":[{"href":"https:\/\/marsangomateriais.com.br\/index.php\/wp-json\/wp\/v2\/types\/product"}],"replies":[{"embeddable":true,"href":"https:\/\/marsangomateriais.com.br\/index.php\/wp-json\/wp\/v2\/comments?post=10456"}],"wp:featuredmedia":[{"embeddable":true,"href":"https:\/\/marsangomateriais.com.br\/index.php\/wp-json\/wp\/v2\/media\/10511"}],"wp:attachment":[{"href":"https:\/\/marsangomateriais.com.br\/index.php\/wp-json\/wp\/v2\/media?parent=10456"}],"wp:term":[{"taxonomy":"product_brand","embeddable":true,"href":"https:\/\/marsangomateriais.com.br\/index.php\/wp-json\/wp\/v2\/product_brand?post=10456"},{"taxonomy":"product_cat","embeddable":true,"href":"https:\/\/marsangomateriais.com.br\/index.php\/wp-json\/wp\/v2\/product_cat?post=10456"},{"taxonomy":"product_tag","embeddable":true,"href":"https:\/\/marsangomateriais.com.br\/index.php\/wp-json\/wp\/v2\/product_tag?post=10456"}],"curies":[{"name":"wp","href":"https:\/\/api.w.org\/{rel}","templated":true}]}}